 208*h**2 + 1476*h - 221740. What is w(210)?
20
Let d(v) = -38*v**3 + 4226*v**2 - 891*v + 329. Calculate d(111).
-4
Let o(g) = -98777*g + 395108. Determine o(4).
0
Let s(q) = 5*q**3 + 6*q**2 - 23*q - 145. Determine s(-6).
-871
Let i(c) = c**3 + 502*c**2 + 4379*c + 452439. What is i(-495)?
9
Let l(w) = -68712*w - 824279. What is l(-12)?
265
Let j(a) = -1006*a - 11940. Give j(-12).
132
Let j(i) = -2*i**2 - 2823*i - 105068. What is j(-38)?
-682
Let h(c) = -2*c**3 - 35*c**2 - 34*c - 289. Determine h(-17).
0
Let m(u) = 352384*u - 3171475. What is m(9)?
-19
Let n(l) = l**3 - 99*l**2 + 132*l + 14980. What is n(96)?
4
Let u(p) = 1519*p + 12644. Give u(-8).
492
Let t(j) = -40*j**3 - 167*j**2 + 2*j - 2. Calculate t(-4).
-122
Let y(r) = -2*r**3 + 50*r**2 - 2027*r + 50687. Calculate y(25).
12
Let a(l) = -620*l + 11527. Determine a(18).
367
Let q(i) = 35410*i - 389410. Determine q(11).
100
Let c(q) = q**3 + 21*q**2 + 146*q - 198. Calculate c(-14).
-870
Let p(u) = -264182*u - 6340367. What is p(-24)?
1
Let d(l) = l**3 + 141*l**2 + 675*l - 678. Give d(-136).
2
Let w(h) = -117*h - 8537. Determine w(-53).
-2336
Let x(u) = 17*u + 670. Calculate x(-29).
177
Let n(z) = -1644*z - 21868. Determine n(-14).
1148
Let u(k) = k**3 - 389*k**2 + 15183*k - 1031. Calculate u(345).
4
Let u(t) = 28*t**2 + 146*t - 145. Determine u(-10).
1195
Let v(q) = 36*q**3 - 10*q**2 + 112*q - 370. What is v(4)?
2222
Let y(q) = 4*q**2 - 683*q + 13094. What is y(22)?
4
Let b(f) = -1208*f**2 - 36228*f + 326. Calculate b(-30).
-34
Let j(u) = -185*u**3 - 11655*u**2 - u - 47. Determine j(-63).
16
Let l(t) = -t**2 + 100*t - 1394. Calculate l(22).
322
Let w(y) = -146515*y + 14211954. Determine w(97).
-1
Let p(q) = -10678*q + 1355940. Calculate p(127).
-166
Let s(x) = 679*x + 60970. What is s(-90)?
-140
Let n(c) = 3364*c - 23657. Calculate n(6).
-3473
Let k(y) = -11974*y + 83788. Give k(7).
-30
Let j(n) = 8*n**2 - 328*n - 627. Calculate j(-2).
61
Let s(z) = 4696*z - 19009. Calculate s(4).
-225
Let b(y) = y**3 - 2218*y**2 + 855319*y + 30977. What is b(1721)?
-1
Let i(p) = 226*p + 9932. Give i(-30).
3152
Let c(h) = 3*h**2 + 75*h + 342. What is c(-21)?
90
Let x(b) = -b**3 - 72*b**2 - 1162*b - 221. Determine x(-24).
19
Let i(p) = -2*p**2 + 110*p - 182. Determine i(54).
-74
Let j(p) = -p**3 - 69*p**2 + 897*p + 14853. Determine j(-10).
-17
Let q(c) = -c**3 - 96*c**2 - 184*c - 17593. Give q(-96).
71
Let a(i) = 18*i**2 - 42*i + 158. Calculate a(6).
554
Let x(z) = 77*z - 4925. Give x(64).
3
Let b(x) = 77*x**2 - 6693*x - 134. Calculate b(87).
388
Let p(a) = -a**2 + 2947*a + 342608. What is p(-112)?
0
Let z(p) = p**2 - 3001*p + 264822. Determine z(91).
12
Let p(y) = y**3 - 215*y**2 - 208*y - 1832. Calculate p(216).
-104
Let l(p) = 30*p - 9601. Give l(319).
-31
Let s(x) = -x**2 - 199*x - 7571. Calculate s(-51).
-23
Let g(r) = -r**3 - 62*r**2 - 669*r - 422. Determine g(-13).
-6
Let x(f) = 27565*f + 9427279. Determine x(-342).
49
Let h(x) = -3*x**3 + 247*x**2 + 452*x - 2392. Determine h(84).
296
Let b(k) = 5895*k + 17. Determine b(0).
17
Let f(y) = -y**3 - 25*y**2 - 26*y - 40. Give f(-24).
8
Let o(s) = 5935*s - 18157. Determine o(3).
-352
Let f(x) = x**3 - 620*x**2 - 76895*x - 44289. Give f(726).
-3
Let o(y) = -y**3 + 59*y**2 - 110*y - 9698. Give o(-11).
-18
Let n(v) = 2219*v + 312628. Calculate n(-141).
-251
Let u(d) = -17*d**2 + 274*d + 84. What is u(17)?
-171
Let x(u) = 988*u + 32675. What is x(-33)?
71
Let a(m) = 4*m**3 - 9*m**2 + 190*m - 881. Give a(5).
344
Let o(m) = -27*m**2 - 2412*m + 1612. Calculate o(-90).
-8
Let y(w) = 9858*w - 867469. What is y(88)?
35
Let l(g) = 13671*g + 82023. What is l(-6)?
-3
Let h(t) = 2*t**3 + 20*t**2 - 332*t - 3426. Calculate h(-10).
-106
Let v(a) = 2303*a - 320166. Give v(139).
-49
Let c(g) = -3*g**3 + 3565*g**2 - 386*g - 952773. What is c(1188)?
3
Let w(x) = -x**2 + 470*x + 7370405. Determine w(2960).
5
Let s(a) = a**3 - 62*a**2 - 4103*a + 254397. Determine s(64).
-3
Let o(f) = -f**3 + 4*f**2 - 4035*f + 20169. Give o(5).
-31
Let f(h) = -2*h**3 + 59*h**2 - 22*h - 74. Calculate f(29).
129
Let z(l) = l**2 + 797*l - 10526. Determine z(-810).
4
Let i(p) = 2*p**2 + 12213*p + 976141. What is i(-81)?
10
Let s(p) = -p**2 + 17*p + 1114. Give s(40).
194
Let m(w) = 42*w + 370. What is m(-6)?
118
Let g(u) = -165*u - 2368. What is g(5)?
-3193
Let s(w) = -2*w**3 + 39*w**2 - 256*w + 13. What is s(15)?
-1802
Let w(s) = 23711*s + 853704. Give w(-36).
108
Let p(t) = 20279*t + 588025. Calculate p(-29).
-66
Let i(o) = 10306*o - 92746. Calculate i(9).
8
Let u(h) = h**3 - 239*h**2 - 8706*h - 1088. What is u(-32)?
0
Let x(w) = 20*w - 6715. What is x(336)?
5
Let v(x) = 6*x**2 - 531*x + 10772. What is v(57)?
-1
Let d(v) = 63*v**2 + 9811*v + 7052. What is d(-155)?
-78
Let g(t) = -2*t**3 + 274*t**2 - 3107*t + 425659. Determine g(137).
0
Let f(t) = t**3 - 126*t**2 - 2706*t + 177. What is f(-19)?
-754
Let k(i) = 136*i**3 - 13*i**2 - 2*i + 6. Give k(2).
1038
Let a(b) = -73*b - 7076. What is a(-97)?
5
Let n(i) = 10413*i - 31113. What is n(3)?
126
Let o(r) = 2*r**2 - 979*r - 50451. What is o(-47)?
-20
Let f(w) = w**3 + 97*w + 533. Determine f(-4).
81
Let n(m) = 9*m**3 - 908*m**2 - 85*m - 1612. Determine n(101).
4
Let q(i) = -79*i + 24111. Determine q(305).
16
Let m(s) = -289491*s + 2894885. Calculate m(10).
-25
Let n(h) = 2*h**3 + 3*h**2 - 78*h - 94. Determine n(0).
-94
Let c(k) = 4049*k - 44377. Calculate c(11).
162
Let m(r) = 33*r**2 - 2036*r - 145. What is m(61)?
-1548
Let q(m) = m**3 - 90*m**2 - 3877*m + 15223. Determine q(121).
-23
Let o(j) = 8*j**2 - 3271*j + 297825. Calculate o(272).
-15
Let x(q) = -62*q**3 + 1297*q**2 + 14*q + 61. What is x(21)?
-1850
Let p(u) = -3*u**3 + 48*u**2 - 121*u + 71. Calculate p(17).
-2853
Let z(c) = 3*c**2 - 460*c - 5415. Give z(164).
-167
Let x(k) = 1011*k - 4296. Calculate x(5).
759
Let o(c) = 1267*c + 302791. Calculate o(-239).
-22
Let r(m) = -14*m**2 - 29*m + 228. What is r(3)?
15
Let p(w) = -15*w**3 - 106*w**2 - 84*w - 484. Determine p(-7).
55
Let w(n) = -553*n**2 + 1097*n + 4. Determine w(2).
-14
Let g(o) = o**3 - 41*o**2 + 235*o + 1. Determine g(12).
-1355
Let a(i) = -22*i**2 - 4564*i + 18244. Give a(4).
-364
Let q(a) = a**3 + 19*a**2 - 117*a + 159. Give q(2).
9
Let w(o) = -274*o**3 + 38*o**2 - 215*o - 253. Determine w(-1).
274
Let n(u) = 5*u**2 - 3*u + 164. Calculate n(-5).
304
Let t(o) = 8*o - 894. Determine t(109).
-22
Let v(y) = 204*y**2 - 2486*y - 4971. What is v(-2)?
817
Let q(t) = 5*t**3 + 3*t**2 + 177*t - 978. What is q(6)?
1272
Let y(w) = -3*w**3 - 408*w**2 - 565*w - 21551. Give y(-135).
49
Let l(c) = -2*c**3 - 32*c**2 - 14*c - 291. Determine l(-16).
-67
Let g(i) = 16*i**2 + 225*i - 1679. Give g(8).
1145
Let g(y) = -y**2 - 20*y + 1464. Determine g(-51).
-117
Let m(u) = u**3 - 25*u**2 - 291*u + 6369. Determine m(26).
-521
Let u(w) = 45*w**3 + 14848*w**2 - 665*w - 1557. Give u(-330).
93
Let x(r) = 14*r**2 - 17*r - 100. What is x(-10)?
1470
Let r(m) = -2126*m + 78717. Calculate r(37).
55
Let z(j) = -3*j**2 - 1459*j + 881725. Calculate z(351).
13
Let i(m) = m**2 + 307*m + 4952. Give i(-17).
22
Let n(f) = 31124*f + 2054196. Determine n(-66).
12
Let d(t) = 323*t**2 + 2895*t - 137. Give d(-9).
-29
Let o(g) = -3*g**3 + 59*g**2 - 133*g - 50. What is o(17)?
1
Let r(w) = w**2 + 291*w - 30553. Determine r(82).
33
Let w(q) = 2*q**2 - 10485*q - 884038. Calculate w(-83).
-5
Let p(o) = -5822*o - 11256. What is p(-2)?
388
Let z(r) = -400445*r - 8409334. What is z(-21)?
11
Let n(i) = -25137*i - 25254. What is n(-1)?
-117
Let c(p) = p**2 + 622*p + 52642. Determine c(-101).
21
Let n(x) = -5*x**2 - 588*x + 1094. Determine n(-116).
2022
Let b(o) = -2408*o - 16860. Determine b(-7).
-4
Let b(f) = 3*f**2 - 1755*f - 21494. Give b(-12).
-2
Let u(o) = 3*o**2 + 152*o + 1423. What is u(-43)?
434
Let g(h) = -17*h**2 - 348*h + 155. What is g(-24)?
-1285
Let a(q) = q**3 + 9*q**2 - 987*q - 270. Give a(-36).
270
Let w(b) = 348*b**2 - 1104*b + 197. Calculate w(3).
17
Let k(l) = l**3 + 14*l**2 - 674*l - 4174. Give k(-6).
158
Let h(c) = 63*c**3 + 961*c**2 + 256*c + 99. Determine h(-15).
-141
Let n(w) = -w**3 - 190*w**2 + 179*w - 2467. What is n(-191)?
-175
Let q(c) = -5*c**2 - 122*c + 20. What is q(-19)?
533
Let p(m) = m**2 - 33878*m - 11288664. Determine p(-330).
-24
Let l(p) = -10068*p